g) = -g**3 + 3*g**2 + 4*g - 3. Suppose o = 3*o + 3*o. Suppose o = 5*y + h + 3*h - 40, 2*y - 5*h + 17 = 0. Give a(y).
-3
Let m(j) be the first derivative of 3*j**2/2 + 51. Give m(1).
3
Let d(o) = -6*o**2. Let n be (77/28 - 3)*-4. Determine d(n).
-6
Let t(x) = -2*x - 6. Let l(y) = -y - 8. Let c(k) = 3*l(k) - 2*t(k). Determine c(10).
-2
Let y(q) be the third derivative of -q**6/120 - 7*q**5/60 - q**4/12 + 2*q**3/3 - 67*q**2. Calculate y(-6).
-20
Suppose -r + 24 = -5*z, 19 = -5*z + 5*r - 21. Let w be (z - 2/(-1)) + 2. Let y(k) = -k**2 + k - 17. Calculate y(w).
-17
Let c(a) = a**2 + 2*a - 4. Let g(z) = -2*z**2 - 4*z + 8. Let l(k) = -13*c(k) - 6*g(k). Suppose 4*s + 102 = s. Let o = s - -31. Calculate l(o).
1
Let z(y) be the first derivative of -y**4/4 + 2*y**3 + 7*y**2/2 + 4*y - 140. Give z(7).
4
Let o(s) = -s + 5. Let i be o(0). Let v be ((-12)/i)/((-2)/10). Suppose -3*m + 11 = -m - 3*k, 0 = -m - 2*k - v. Let r(l) = 4*l + 2. Determine r(m).
-6
Let b(t) = -t**3 + 5*t**2 - 3*t. Let o(g) = -g**3 + 4*g**2 + 6*g + 2. Let n be o(6). Let a = 24 + n. Let j = 12 + a. Give b(j).
6
Let g(x) = -2*x**2 + x - 1. Let m(j) = j**2 - j + 1. Suppose 0 = -4*h - 8 - 8. Let r(s) = h*g(s) - 9*m(s). Determine r(5).
-5
Let v be (-24)/2*1/4*2. Let r(j) = 2*j + 14. Give r(v).
2
Suppose -1781 = -11*j - 1792. Let n(b) be the third derivative of -13*b**6/120 - b**4/24 + b**2. Give n(j).
14
Let x = 1 + -19. Let d = x + 23. Let t(p) = -p + 2. What is t(d)?
-3
Let d(c) = -2*c + 3. Let f(o) = 14*o - 75. Let u be f(6). Give d(u).
-15
Let k(a) = a**2 + 9*a + 11. Let y be k(-8). Let p(c) = c**2 + 4 + 0 - 5*c - y - 2. Determine p(4).
-5
Let t(n) = -n**3 + 2*n**2 + 2*n - 7. Let s be t(3). Let f(r) = -r**2 - 11*r - 7. Calculate f(s).
3
Let d be (-52)/(-9) + 2/9. Suppose -d*a + 18 = -3*a. Let q(u) = u**3 - 7*u**2 + 7*u - 2. What is q(a)?
4
Let h(a) be the first derivative of 5 + 1/24*a**4 + 5/6*a**3 + 0*a + 5/2*a**2. Let g(q) be the second derivative of h(q). Calculate g(0).
5
Let m(n) be the second derivative of n**4/6 - 2*n**3/3 + 3*n**2/2 + 248*n. Determine m(2).
3
Let a(u) = -u - 4. Let r = -4 - -6. Suppose -20*j = -31*j + 44. Suppose -j*i = p - 6, r*i = 2*p + 2 + 16. What is a(p)?
2
Let m(v) = 17*v**3 - 1 - 9*v**3 - 2*v + 29*v**3 + 13*v**3 - 3*v**3. Give m(-1).
-46
Suppose 7*f + 112 - 14 = 0. Let n(c) = c**3 + 14*c**2 + 10. Determine n(f).
10
Let r(b) = 11*b**2 + 5*b + 4. Let a be r(-2). Let j be 5 + a/(-8) - 23/(-4). Let u(g) = g**2 - 8*g + 2. Determine u(j).
-10
Let p(g) be the first derivative of -g**3/3 + g + 2. Let z(s) = -2*s - 20. Let d = 37 - 46. Let c be z(d). Calculate p(c).
-3
Let d(h) = h - 16. Let m(z) = -z - 59. Let x be m(-16). Let w = x - -43. Give d(w).
-16
Let z(g) = -26*g - 3. Let d(l) = -81*l - 10. Let a(o) = -2*d(o) + 7*z(o). Give a(-1).
19
Let f(z) = -z**2 - 6*z + 4. Let y = -26 - -41. Let q = y + -5. Suppose -x - 3*x = a - q, 0 = 4*a - 5*x + 44. What is f(a)?
4
Let l(k) = -k**3 + 11*k - 9. Let f(g) = g**3 + 2*g**2 - 11*g + 9. Let c(d) = 4*f(d) + 5*l(d). Give c(9).
9
Let h(c) = 1 + 8*c**3 + c + 3*c**3 - 10*c**3 - 10*c**2 + 10*c**2. What is h(-1)?
-1
Let m(q) = 12*q + q - 10*q + 3 + 5. Calculate m(10).
38
Let z(o) = -2*o**2 - 9*o + 2. Let v(h) = -3*h**2 - 9*h + 2. Let a(q) = 3*v(q) - 4*z(q). Determine a(7).
12
Let x(c) be the third derivative of c**4/24 - c**2. Let v(q) = q**2 - 11*q. Let i(z) = -v(z) - 5*x(z). Let a be (45/10)/(12/16). Calculate i(a).
0
Let d(p) = 4*p**2 + 2*p - 2. Let z = 22 + -19. Let q be -6 - (-6)/z - -2. What is d(q)?
10
Let z(j) = 19*j**3 - j**2 + 1. Suppose 5*p - 9 = -14. Let q be (-1)/(0 - p)*10. Let u be (-15)/q*(-4)/(-6). What is z(u)?
19
Let r be -14*(1/(-2))/(-1). Let f(g) = -g - 3. Let a be f(r). Let v(q) = -q + 10. Let k(t) = 1. Let y(x) = -5*k(x) + v(x). Give y(a).
1
Let d(n) be the first derivative of -n**6/360 + n**5/24 + 7*n**4/24 - 14*n**3 + 24. Let l(p) be the third derivative of d(p). Calculate l(7).
-7
Suppose 21 = -4*y + 1. Let f(n) = 5*n - 2 - n**3 - 4*n**2 + 4*n - 3*n - 2*n. Calculate f(y).
3
Let l(d) be the third derivative of d**5/30 + d**4/8 - d**3/6 + 134*d**2 + 2. What is l(-3)?
8
Let m(n) = -12*n - 2. Let h(x) = -3*x - 1. Let b(d) = 7*h(d) - 2*m(d). Determine b(4).
9
Suppose -39*l + 48*l = -27. Let t(h) = 1 + 0*h - 1 + h. Calculate t(l).
-3
Let z(w) = 3*w - 17. Let b be z(6). Let h(j) = j**2 + 6*j - 12*j + 3 - b. Suppose -3*f + 5*i - 7 = -18, -5*f = -i - 33. Determine h(f).
9
Let s(j) = -7*j**2 - 4*j - 7. Let q(x) = 16*x**2 + 9*x + 16. Let m(y) = 3*q(y) + 7*s(y). Let u(t) = -3*t + 1. Let z be u(2). Determine m(z).
-21
Suppose 10 = -3*d + 1, 5*f - 3*d = -16. Let t = 4 + -2. Let h(x) = 6*x + 3*x + t - 8*x. Determine h(f).
-3
Let s(q) = 24*q**3 - 15*q**2 - 19*q - 10. Let w(h) = 7*h**3 - 5*h**2 - 6*h - 4. Let n(c) = -2*s(c) + 7*w(c). Give n(6).
4
Let o(w) be the second derivative of 13*w + 0 - 4*w**2 - 1/6*w**3. What is o(-7)?
-1
Let j(q) = -3*q - 67. Let p be j(-22). Let x(n) = 4*n**3 - n**2 - n - 1. Calculate x(p).
-5
Let j(a) be the third derivative of -a**6/120 + a**5/20 + a**4/24 + 2*a**3/3 + 48*a**2. Determine j(4).
-8
Let d(o) be the second derivative of -o**5/20 - o**4/2 + 5*o**3/6 - 9*o**2/2 + 187*o. Calculate d(-7).
5
Let n(b) be the third derivative of b**5/60 + b**4/3 + b**3/2 - 3*b**2. Let q = -57 - -62. Suppose q*g = 9*g + 24. Calculate n(g).
-9
Let z(x) = 2*x - 9. Let o be 2/3*15/2. Suppose -p - 19 = -o*i + 11, 5*p = -i + 6. What is z(i)?
3
Let m(w) = 6*w**3 + 4*w**3 + 12*w + 12*w**2 + 12 - 11*w**3 + 2*w**3. What is m(-11)?
1
Let v(q) = -q**2 + q - 21. Let t(b) = b**3 - 8*b**2 + 17*b - 10. Let d = 66 - 61. Let n be t(d). Determine v(n).
-21
Suppose -m + 10 = -5*w, -m - 6 = 2*m + 3*w. Suppose m = -5*f + 10. Let a(u) = 2*u - 3 - 2 + 4 - u**3 + 2*u**2. Calculate a(f).
3
Let v(b) be the third derivative of -b**4/12 + 2*b**3/3 + 13*b**2 + 2. What is v(5)?
-6
Let x(m) = -4*m**2 - 2*m + 2. Let b be x(2). Let p = b - -17. Let f(k) = -3*k - 1. Let w be f(p). Let h(y) = 3*y**2 - y - 1. What is h(w)?
9
Let y(l) = l**2 + 4*l - 7. Let t(q) = -12*q + 5 + 3*q + 8*q. Let i be t(3). Let f be (i/(-1))/(11/33). What is y(f)?
5
Let o be ((-4)/12)/(1/39). Let p(s) = s + 21. Let w be p(o). Let n be 0 + 1 + w/2. Let r(d) = d**2 - 8*d + 3. Give r(n).
-12
Let t(m) = -10*m**2 + 2*m + 1. Let h be 4 - (6 + -6 + 5). Determine t(h).
-11
Suppose 5*x = -0*x + 20. Suppose -3*p - 24 = -4*g - 5, x*g = -p - 1. Let b(z) = 8*z**3 - g - 2*z + 4*z - 2*z**3 - z**2. Give b(1).
6
Let v(t) = 8*t**3 - t**2 - 4*t. Let z(y) = 9*y**3 - y**2 - 5*y. Let k(q) = -6*v(q) + 5*z(q). Determine k(2).
-22
Let l(a) = a**3 - a - 1. Let w be (0/(0 + 1))/(-2). Suppose 10*v - 5*v + 25 = w. Let n(t) = 6*t**3 - 5*t - 6. Let b(m) = v*l(m) + n(m). Calculate b(-2).
-9
Let a(s) = 6*s + 5. Let n(m) = -7*m - 6. Let o(g) = -4*a(g) - 3*n(g). Let j be (4/6)/((-3)/9). What is o(j)?
4
Let v(x) = -2*x**2 + 6*x + 13. Suppose 36 = -18*j - 18. Calculate v(j).
-23
Suppose -26 = -5*u + 34. Let b be (-12)/30 - u/(-5). Let n(q) = 79*q - 77*q - 2 + 2. Give n(b).
4
Suppose 6 = y + 2. Suppose 6*d - y = 4*d. Let a(f) = -2*f**3 + f**2 - 4*f + 3. Determine a(d).
-17
Let q = 36727/140 + -1836/7. Let n(k) be the third derivative of 0 + 10*k**2 - q*k**5 + 1/3*k**3 - 1/8*k**4 + 1/120*k**6 + 0*k. What is n(3)?
-7
Let u = -39 + 42. Let m(p) = 3*p**2 - 2*p + 3 + 2*p - p**3 + 0. Determine m(u).
3
Let r(d) = d**3 - 6*d**2 + d + 7. Let i(n) = -40*n + 1. Let q be i(1). Let b = q + 44. What is r(b)?
-13
Let t(n) = 16 - 29 - n + 17. Let d be t(-3). Let i(p) = p**2 - 6*p + 4. Give i(d).
11
Let p(m) = m**2 - m - 21. Suppose -w + 3*w = -w. Give p(w).
-21
Let b be 2*(-1 + 5/1). Let k(f) = 3*f**2 + 30*f - 7. Let r(z) = -2*z**2 - 16*z + 3. Let a(h) = 3*k(h) + 5*r(h). What is a(b)?
10
Let z(i) = i**3 + i**2 + i - 7. Let n be (0/(-5 + 12))/(-3). Give z(n).
-7
Let p(o) be the first derivative of -o**3/3 + 3*o**2/2 - o + 3. Let z be 5/((-1 - 0)*-1). Calculate p(z).
-11
Let v = -22 - -9. Let j(h) = h + 17. Let a be j(v). Let m(w) = -6*w - 4*w + 3*w + w**2 + a*w. Calculate m(2).
-2
Let f(z) = -21*z - 27*z + 14 + 49*z. Determine f(-15).
-1
Let p(w) = w**3 + 4*w**2 - 3*w + 5. Let z = -332 + 327. Calculate p(z).
-5
Let m(b) = 5*b**3 - b**2 - 8*b + 1. Let f(x) = 11*x**3 - 3*x**2 - 17*x + 2. Let p(c) = 4*f(c) - 9*m(c